{"id":282,"date":"2021-01-18T19:27:23","date_gmt":"2021-01-18T19:27:23","guid":{"rendered":"http:\/\/sarens-makzume.com\/?page_id=282"},"modified":"2025-05-16T15:01:36","modified_gmt":"2025-05-16T12:01:36","slug":"kisisel-verilerin-korunmasi-kanunu","status":"publish","type":"page","link":"https:\/\/sarens-makzume.com\/?page_id=282","title":{"rendered":"K\u0130\u015e\u0130SEL VER\u0130LER\u0130N KORUNMASI KANUNU"},"content":{"rendered":"\n<p><a href=\"http:\/\/sarens-makzume.com\/wp-content\/uploads\/2021\/01\/Web-Sitesi-Aydinlatma-Metni.pdf\" target=\"_blank\" rel=\"noreferrer noopener\"><\/a><a href=\"https:\/\/sarens-makzume.com\/?page_id=323\" target=\"_blank\" rel=\"noreferrer noopener\">Ayd\u0131nlatma Metinleri i\u00e7in&nbsp;t\u0131klay\u0131n\u0131z.<\/a><\/p>\n\n\n\n<p><a href=\"https:\/\/sarens-makzume.com\/wp-content\/uploads\/2025\/05\/PHB_20250509_Makzume_KVK_Sarens_Cookie_V4.pdf\" target=\"_blank\" rel=\"noreferrer noopener\">Web Sitesi \u00c7erez Politikas\u0131 i\u00e7in\u00a0t\u0131klay\u0131n\u0131z.<\/a><\/p>\n\n\n\n<p><a href=\"http:\/\/sarens-makzume.com\/wp-content\/uploads\/2024\/10\/Sarens-Veri-Sahibi-Basvuru-Formu.pdf\" target=\"_blank\" rel=\"noreferrer noopener\">Veri Sahibi Ba\u015fvuru Formu i\u00e7in t\u0131klay\u0131n\u0131z.<\/a><\/p>\n\n\n\n<p><\/p>\n","protected":false},"excerpt":{"rendered":"<p>Ayd\u0131nlatma Metinleri i\u00e7in&nbsp;t\u0131klay\u0131n\u0131z. Web Sitesi \u00c7erez Politikas\u0131 i\u00e7in\u00a0t\u0131klay\u0131n\u0131z. Veri Sahibi Ba\u015fvuru Formu i\u00e7in t\u0131klay\u0131n\u0131z.<\/p>\n","protected":false},"author":1,"featured_media":0,"parent":0,"menu_order":0,"comment_status":"closed","ping_status":"closed","template":"","meta":{"footnotes":""},"class_list":["post-282","page","type-page","status-publish","hentry"],"_links":{"self":[{"href":"https:\/\/sarens-makzume.com\/index.php?rest_route=\/wp\/v2\/pages\/282","targetHints":{"allow":["GET"]}}],"collection":[{"href":"https:\/\/sarens-makzume.com\/index.php?rest_route=\/wp\/v2\/pages"}],"about":[{"href":"https:\/\/sarens-makzume.com\/index.php?rest_route=\/wp\/v2\/types\/page"}],"author":[{"embeddable":true,"href":"https:\/\/sarens-makzume.com\/index.php?rest_route=\/wp\/v2\/users\/1"}],"replies":[{"embeddable":true,"href":"https:\/\/sarens-makzume.com\/index.php?rest_route=%2Fwp%2Fv2%2Fcomments&post=282"}],"version-history":[{"count":8,"href":"https:\/\/sarens-makzume.com\/index.php?rest_route=\/wp\/v2\/pages\/282\/revisions"}],"predecessor-version":[{"id":338,"href":"https:\/\/sarens-makzume.com\/index.php?rest_route=\/wp\/v2\/pages\/282\/revisions\/338"}],"wp:attachment":[{"href":"https:\/\/sarens-makzume.com\/index.php?rest_route=%2Fwp%2Fv2%2Fmedia&parent=282"}],"curies":[{"name":"wp","href":"https:\/\/api.w.org\/{rel}","templated":true}]}}